*a + 8*a. Let s be (-8)/(0/a + 2). What are the prime factors of (-783)/(-21) - s/(-14)?
37
Suppose -5*r + 234 = 34*r. Let h(s) = 25*s + 3. Let b be h(3). Suppose r - b = -4*y. List the prime factors of y.
2, 3
Suppose -3*s + 2551 = z, 4*s = -20*z + 21*z - 2586. What are the prime factors of z?
2, 1283
Let s = 2525 + -1396. What are the prime factors of s?
1129
Let d(a) = 7*a - 7. Let q be d(-6). What are the prime factors of (3 - (q + 1))/1?
3, 17
List the prime factors of (374382/(-405))/((-4)/10).
2311
Suppose 3*j - l - 4073 = 0, 4*j - 4946 = 2*l + 488. List the prime factors of j.
2, 3, 113
Suppose 0 = 3*t + 3*d + 209 + 79, 4*t + 2*d + 386 = 0. List the prime factors of (t/(-4))/(2/8).
97
Let l(q) = 5 + 4*q - 5 - 2*q + q**3 + 1. Let v be l(-1). What are the prime factors of (-1 + 0)*56/v?
2, 7
Suppose -633 = -5*u + 157. Suppose -3*v + 3*k + u = k, 4*k = 2*v - 108. What are the prime factors of v?
2, 13
Let x(g) = -g**3 + 2*g**2 + 4*g + 1. Let w be x(3). Let i = -54 + 54. Suppose -w*q + 16 = 3*o - 51, 4*q - 2*o - 42 = i. List the prime factors of q.
13
Let b(w) = -3*w**2 + 43*w + 26. Let i(v) = -5*v**2 + 65*v + 39. Let d(r) = -8*b(r) + 5*i(r). List the prime factors of d(-7).
71
Suppose -3*n + 6364 = 2*r, 0 = -n - 4*r + 1631 + 477. List the prime factors of n.
2, 3, 59
Suppose s - 3*q - 12 = 0, -3*s + 0*q + 22 = -2*q. Let z be (4 + 2)*3/s. Suppose z = t - 3*n - 5, n = t - 4. List the prime factors of t.
2
Let a be 8/(56/2277) + (-2)/7. Let f = a - 201. List the prime factors of f.
2, 31
Let d = 26 + -23. Let q = 94 + d. What are the prime factors of q?
97
Let h = 956 + -272. List the prime factors of h.
2, 3, 19
Let l be 4/(-8) - 3/(-6). Suppose -o - m + 25 = l, -2*o + m + 44 = -0*o. What are the prime factors of o?
23
Let a(w) = 86*w**2 - 17*w - 21. What are the prime factors of a(-4)?
1423
Let l be (-4)/(-30) - 1119/(-45). Let b be ((-20)/l)/((-4)/(-30)). List the prime factors of 82*(-3 + (-21)/b).
41
Suppose 3*r - 213 = -3*o, -5*o + r = 4*r - 353. Let j = o - 33. Suppose 4*x - j = 19. List the prime factors of x.
2, 7
Suppose -6 = -3*b, 3*b = -f + 6 + 38. Suppose -c - c = -f. Suppose 1 = -y + c. List the prime factors of y.
2, 3
Let s(b) = -b**2 - 7*b + 3. Let r = -7 + 19. Suppose -n = n + r. List the prime factors of s(n).
3
Let p(g) = 26*g. Let k be p(1). Suppose 2*s + k = 2*j, 2*j - s - 24 = 2*s. Suppose 37 = 2*r + j. What are the prime factors of r?
11
Let s(c) = -c**3 + c**2 - 6*c - 46. List the prime factors of s(-5).
2, 67
Suppose 8*m + 9050 = 2*p + 9*m, 2 = m. List the prime factors of p.
2, 3, 13, 29
Suppose 408*s + 835 = 409*s. What are the prime factors of s?
5, 167
Suppose 3*d - 3*h + 2*h = 13, -2*h = 8. Suppose 3*w - 2*w - 3*u = -4, 5*w = d*u - 44. Let z = w + 14. List the prime factors of z.
2
Suppose g + 15141 = 5*j, -3*g - 15161 = -5*j - 7*g. List the prime factors of j.
13, 233
Suppose -6*h + 3*h = 138. Let l = -26 - h. What are the prime factors of l?
2, 5
Let s = 3 + 5. Let z(b) = 7*b**2 + 33*b - 2. Let w be z(6). Suppose -w = v - s*v. List the prime factors of v.
2
Let n be (-227)/(-3) + 1/3. Suppose q = 2*a + 5, 0 = 4*q - 26*a + 25*a - 6. Let r = n - q. List the prime factors of r.
3, 5
Let q be ((-32)/(-64))/(1/38). Let g(m) = -m**3 + 17*m**2 + 43*m. List the prime factors of g(q).
5, 19
Let m(c) = 510*c + 6. What are the prime factors of m(2)?
2, 3, 19
Suppose 4*s = -z + 160, -4*z + 4*s = -0*z - 740. Suppose 5*y - z = 5*o, o - 29 = -2*y + 49. What are the prime factors of y?
2, 19
Let q(r) = -16*r - 21. Let w be q(6). Let i = -52 - w. List the prime factors of i.
5, 13
Let y(o) = o**2 - 6*o - 5. Let k be (-4)/(-2) + (8 - 0). List the prime factors of y(k).
5, 7
Let s(k) be the second derivative of 37*k**4/4 - k**2/2 + 18*k. List the prime factors of s(-1).
2, 5, 11
Let b be 1 - 2/5 - 1534/(-10). Suppose -4*f + b = -78. What are the prime factors of f?
2, 29
Let h(a) = a**3 + a**2 - a. Let p(m) = 3*m + 2 - 3*m + m**2 + 0 + 7*m**3 - 2*m. Let l(w) = -6*h(w) + p(w). What are the prime factors of l(6)?
2, 31
Let x(j) be the second derivative of 8*j**3/3 - 7*j**2 + 29*j. What are the prime factors of x(7)?
2, 7
Suppose j - 27 - 15 = 0. Suppose -4*l = -5*i - 56, -3*l + 3*i + j = -2*i. What are the prime factors of (5 - l)/(3/(-4))?
2, 3
Let p(x) = 58*x**2 + 6*x - 19. List the prime factors of p(5).
3, 487
Let t(x) = -x**3 + 8*x**2. Let y be t(8). Let l(h) = y*h**2 - 11 + 12*h + h**3 + 4*h**2 + 7*h**2. List the prime factors of l(-9).
43
Let m = 918 + -238. List the prime factors of m.
2, 5, 17
Let d(j) = 4*j + 2. Let v be d(-5). Let w = v - -48. Let m = 1 + w. What are the prime factors of m?
31
Let l be (-42)/(-9) - (-4)/12. Suppose -x + 36 = -4*k, 2*k + 3 = l*x - 87. What are the prime factors of x?
2
Suppose -2*j - 2*c = -7*j + 14, -3*c = 4*j - 2. Suppose -j = 3*k - 8. List the prime factors of (2/k)/(3/105).
5, 7
Suppose 247 = 7*o - 145. List the prime factors of (165/60)/(2/o).
7, 11
Let o(r) = -23*r - 237. List the prime factors of o(-18).
3, 59
Let l = 4 - 1. Suppose x + 0*x + 2*k = 9, -k = -l*x + 62. What are the prime factors of x?
19
Suppose 77*r - 72*r + 3*b - 25909 = 0, -4*r = -3*b - 20738. List the prime factors of r.
71, 73
Let j = -17 + 16. Let x be (-21)/(-49)*(j - -8). What are the prime factors of ((-1)/x)/((-4)/492)?
41
Suppose 0 = 2*m - 3*j - 5469, -5*m + 6*m + 5*j - 2728 = 0. What are the prime factors of m?
3, 911
Let a = -9 - -11. Let h(q) = -a*q**2 - 14 + q - 4*q**2 - q**3 + 4. What are the prime factors of h(-7)?
2
Let q = 381 + -131. Suppose -2*k + q = 3*k. List the prime factors of k.
2, 5
List the prime factors of (-4 - (-32552)/(-16))*24/(-18).
2, 3, 151
Suppose -3*s = 2*s. Let n be s/(-3*(-6)/9). Suppose -5*x + 167 = -0*x - 2*d, n = -4*x + 2*d + 134. What are the prime factors of x?
3, 11
Suppose 4*c = 2*m - 4, m + 4*c - 2*c + 14 = 0. What are the prime factors of (-834)/(-10) + m/15?
83
Let n(k) = -13*k + 1. Let d be n(-5). Let f be (d/(-15))/(1/60). List the prime factors of 6/27 - f/27.
2, 5
Let f = -23 - -23. Suppose 3*q - 4*q - 3*u = 0, 2*u + 2 = f. What are the prime factors of 32 - (3 + -6 + q)?
2
Let r(v) = 276*v + 327. List the prime factors of r(11).
3, 19, 59
Suppose -261 - 405 = -b. What are the prime factors of b/8 + -2 + 1/(-4)?
3
Let d(u) = u**2 - 4*u + 6. Let i(z) = -z**2 + 3*z - 7. Let v(c) = -4*d(c) - 3*i(c). Let x be v(4). Suppose 5 - x = -l. What are the prime factors of l?
2
What are the prime factors of 62042/20 - (-6)/(-60)?
2, 3, 11, 47
List the prime factors of 370 - (-2)/(0 - 1)*-2.
2, 11, 17
What are the prime factors of 616 + -7 - 6/2?
2, 3, 101
Suppose 5*c - 79*p + 81*p - 7030 = 0, -1406 = -c + 8*p. What are the prime factors of c?
2, 19, 37
Let i(b) = b - 4. Let y be i(5). Let d(p) be the second derivative of 27*p**5/20 - p**4/6 + p**2/2 - p. What are the prime factors of d(y)?
2, 13
Suppose -6*w = -372 + 138. Suppose 5*o + 2*p - 19 = 0, o - 3*p = 4*o - 15. Suppose o*f - 192 = -w. List the prime factors of f.
3, 17
Let o(r) = -r + 7. Let q be o(3). Let t be -146*3*q/(-6). Suppose t - 37 = 5*j. What are the prime factors of j?
3, 17
Let t = 85 - -43. Let r = t + -36. What are the prime factors of r?
2, 23
Let a = 1955 - 1208. List the prime factors of a.
3, 83
Suppose -198 + 12 = -6*v. Let h = -7 + v. List the prime factors of h.
2, 3
Suppose -3*y + 4 = b, 2*b - 6*b = 20. Suppose 0 = -3*r + t + 75, 0*t - y*t + 63 = 3*r. List the prime factors of r.
2, 3
Let k(u) = 2*u + 9*u - 4*u - 2. Suppose 0 = -29*n + 19*n + 50. List the prime factors of k(n).
3, 11
Let x be 18/(-4)*(-2)/3. Suppose 24 + 91 = l + x*d, d = -l + 121. What are the prime factors of l?
2, 31
Let c = -10 - -11. Let a(s) = 35*s - 3. Let f be a(3). List the prime factors of (c/(-3))/((-2)/f).
17
List the prime factors of (-36)/(-45) - (-3602)/10.
19
Let j(k) = -6*k + 141. What are the prime factors of j(-9)?
3, 5, 13
Suppose 18*n + 625 = 1597. What are the prime factors of n?
2, 3
Suppose 0 = -f + m + 667, -8*f + 3320 = -3*f - 2*m. What are the prime factors of f?
2, 331
Let s(a) be the first derivative of -8*a**2 - 12*a - 9. List the prime factors of s(-5).
2, 17
Suppose -3*t + 6*t = -g + 4, 0 = 2*g + 4. Let j(f) = 12*f**2 + 3*f - 3 - f**2 - 9*f**t. List the prime factors of j(-3).
2, 3
Let j(s) 